 base 8?
-163663
Convert 101000101001 (base 2) to base 5.
40401
Convert 5983 (base 10) to base 16.
175f
56322 (base 9) to base 11
26149
197 (base 16) to base 11
340
What is 160 (base 8) in base 7?
220
Convert -365 (base 7) to base 16.
-c2
2003 (base 6) to base 5
3220
-1168 (base 9) to base 16
-368
What is -202202011 (base 3) in base 11?
-103aa
6751 (base 9) to base 5
124422
What is -dae (base 15) in base 13?
-1538
Convert 1456 (base 15) to base 2.
1000100000100
Convert 584 (base 9) to base 12.
341
What is 2db (base 14) in base 15?
290
What is -522 (base 10) in base 2?
-1000001010
Convert -692 (base 14) to base 8.
-2430
-10100222210 (base 3) to base 14
-1a261
What is -10112 (base 9) in base 2?
-1100111111101
-3123 (base 4) to base 5
-1334
What is 2231332 (base 4) in base 13?
50b6
Convert -10130203 (base 4) to base 3.
-220222111
Convert -4d29 (base 14) to base 8.
-32371
What is 16106 (base 7) in base 14?
1906
Convert -4430 (base 5) to base 11.
-50a
175 (base 11) to base 12
14b
10001111011 (base 2) to base 11
953
-a03 (base 11) to base 4
-102331
Convert -83a3 (base 11) to base 6.
-123300
Convert -2010102 (base 3) to base 7.
-4343
Convert 10001010000 (base 2) to base 9.
1456
Convert -1105 (base 6) to base 9.
-315
What is -c6e (base 16) in base 13?
-15aa
Convert -31501 (base 6) to base 10.
-4285
-145 (base 11) to base 16
-aa
What is -50586 (base 9) in base 14?
-c1ba
3038 (base 11) to base 9
5472
What is 14020 (base 5) in base 6?
5131
Convert 25774 (base 13) to base 15.
1585a
Convert -37761 (base 8) to base 4.
-3333301
14174 (base 8) to base 9
8534
4b3 (base 16) to base 4
102303
-130b (base 12) to base 7
-6221
Convert 115423 (base 8) to base 9.
60410
Convert 11011011 (base 2) to base 9.
263
-20122022 (base 4) to base 12
-17b22
What is -2316 (base 7) in base 8?
-1516
Convert -431225 (base 6) to base 5.
-2112142
What is -28c (base 13) in base 9?
-554
What is -1001101110110011 (base 2) in base 12?
-1b097
What is 48 (base 13) in base 15?
40
Convert -653 (base 9) to base 10.
-534
Convert 4405 (base 7) to base 12.
ab1
Convert -33310311 (base 4) to base 12.
-31619
What is -4bb (base 15) in base 10?
-1076
What is 1212011102 (base 3) in base 4?
20323121
-11101000100 (base 2) to base 10
-1860
Convert -31445 (base 9) to base 2.
-101000100101001
Convert 254 (base 10) to base 3.
100102
10001111100000 (base 2) to base 3
110121011
-1315531 (base 6) to base 16
-11b6f
-4404 (base 7) to base 5
-22242
What is 11000110001 (base 2) in base 4?
120301
e50 (base 16) to base 10
3664
Convert 221011 (base 3) to base 10.
679
Convert -30392 (base 10) to base 12.
-15708
13301 (base 5) to base 7
3065
What is -5233 (base 6) in base 4?
-102111
What is -667 (base 13) in base 11?
-90a
What is 650 (base 11) in base 4?
30031
What is 1070 (base 11) in base 7?
4051
5368 (base 12) to base 3
110112222
What is -1000101111111 (base 2) in base 10?
-4479
1b4 (base 16) to base 9
534
-131621 (base 7) to base 9
-36742
What is -2163 (base 9) in base 14?
-820
Convert -5386 (base 9) to base 3.
-12102220
31c2 (base 14) to base 13
3bb5
-1087 (base 15) to base 13
-1795
What is -133102 (base 4) in base 6?
-13134
What is 5612 (base 7) in base 8?
3742
What is 433 (base 11) in base 8?
1010
What is -3001 (base 10) in base 7?
-11515
-603 (base 9) to base 10
-489
-16128 (base 12) to base 13
-11312
Convert -1100001 (base 2) to base 6.
-241
Convert 241 (base 6) to base 12.
81
Convert 3032 (base 7) to base 8.
2034
-590 (base 11) to base 15
-31e
Convert 1004 (base 6) to base 15.
ea
-31d9 (base 14) to base 4
-2012223
Convert -1275 (base 9) to base 7.
-2540
Convert 2ab4 (base 12) to base 6.
35144
Convert -10809 (base 10) to base 8.
-25071
Convert 32113 (base 4) to base 2.
1110010111
-585 (base 10) to base 13
-360
22121 (base 5) to base 16
600
Convert 110101021 (base 3) to base 2.
10001101000001
Convert 220 (base 10) to base 5.
1340
Convert 734 (base 8) to base 10.
476
Convert -16642 (base 7) to base 4.
-1022233
21 (base 4) to base 14
9
Convert -2b8 (base 16) to base 9.
-853
Convert 123221 (base 5) to base 12.
294b
4973 (base 10) to base 2
1001101101101
What is -10727 (base 9) in base 4?
-1233301
What is 1433 (base 7) in base 13?
344
-21527 (base 8) to base 6
-105515
What is c18 (base 13) in base 11?
15a3
What is 432 (base 7) in base 13?
13b
Convert -1863 (base 11) to base 7.
-6622
Convert -46cb (base 14) to base 12.
-7177
What is -347 (base 12) in base 10?
-487
Convert -29c (base 16) to base 2.
-1010011100
Convert -13862 (base 15) to base 12.
-30302
2162 (base 9) to base 16
63b
What is -b0 (base 15) in base 3?
-20010
What is 4c5 (base 15) in base 10?
1085
What is 386 (base 14) in base 15?
321
-4a (base 13) to base 14
-46
1522 (base 6) to base 15
1c5
-129d (base 15) to base 8
-7605
Convert 352323 (base 6) to base 4.
13122123
a930 (base 13) to base 12
1174a
What is -120401 (base 6) in base 10?
-10513
-75 (base 10) to base 4
-1023
What is 2311013 (base 4) in base 16?
2d47
Convert -1069 (base 12) to base 3.
-2111000
-728 (base 9) to base 4
-21101
Convert 4250 (base 11) to base 4.
1113311
104232 (base 5) to base 7
13523
Convert 104 (base 9) to base 7.
151
Convert -2220332 (base 5) to base 12.
-1a58a
What is 3210133 (base 4) in base 3?
202001121
Convert 1110330 (base 5) to base 10.
19465
What is 2436 (base 9) in base 4?
130113
Convert -21121 (base 3) to base 14.
-109
-121210 (base 5) to base 8
-10713
Convert -1a98 (base 15) to base 12.
-3408
What is 21003 (base 4) in base 13?
357
Convert -83 (base 10) to base 12.
-6b
What is -2073 (base 9) in base 4?
-113310
Convert -40 (base 11) to base 4.
-230
Convert -100110001001 (base 2) to base 5.
-34231
-4241 (base 6) to base 9
-1277
What is 2233 (base 5) in base 2?
100111110
Convert -222011212 (base 3) to base 16.
-4a8d
What is -5233 (base 7) in base 3?
-2112001
221052 (base 6) to base 11
12900
What is -10323 (base 6) in base 2?
-10110001011
What is 10001001101 (base 2) in base 10?
1101
Convert -a9a5 (base 14) to base 13.
-10488
What is 8207 (base 9) in base 6?
43441
What is -110421 (base 5) in base 11?
-29a0
Convert 13332123 (base 4) to base 14.
bc95
257 (base 11) to base 9
367
Convert 1243 (base 6) to base 3.
102200
-17b3 (base 13) to base 14
-13dc
What is -1000000110000000 (base 2) in base 5?
-2030102
Convert 79 (base 11) to base 7.
152
2350 (base 6) to base 15
280
1001111 (base 4) to base 3
12201212
30d (base 16) to base 6
3341
What is -a7b (base 15) in base 10?
-2366
-1c644 (base 13) to base 3
-2211210220
Convert 83b6 (base 12) to base 7.
56652
13321 (base 5) to base 16
43e
Convert 3730 (base 10) to base 14.
1506
Convert 445 (base 10) to base 3.
121111
1673 (base 13) to base 11
2535
-1551 (base 6) to base 11
-359
What is -35b (base 13) in base 5?
-4313
Convert 32511 (base 8) to base 10.
13641
Convert 3240332 (base 5) to base 8.
154645
Convert 112210 (base 3) to base 9.
483
78877 (base 9) to base 16
ccfd
-34539 (base 11) to base 2
-1100001011100110
Convert -7822 (base 10) to base 16.
-1e8e
What is 3ed4 (base 16) in base 11?
110a2
What is 33231 (base 4) in base 5?
13010
Convert -1110011011101 (base 2) to base 11.
-5608
Convert 2626 (base 9) to base 16.
7b0
Convert 200122 (base 3) to base 12.
35b
Convert 10250 (base 7) to base 11.
19a4
b91a (base 13) to base 11
18354
-37782 (base 10) to base 3
-1220211100
What is 331 (base 7) in base 5?
1134
-3c0 (base 13) to base 4
-22113
What is -1302324 (base 5) in base 2?
-110001011111011
What is 12111 (base 4) in base 2?
110010101
What is 102120220 (base 3) in base 5?
232243
What is -278 (base 9) in base 6?
-1025
What is -111033 (base 5) in base 15?
-1248
What is 13298 (base 13) in base 15?
a845
120111 (base 3) to base 9
514
What is -465 (base 7) in base 15?
-113
What is -350 (base 16) in base 6?
-3532
Convert -1000001101101 (base 2) to base 9.
-5682
What is 1011111111011000 (base 2) in base 4?
23333120
640 (base 14) to base 4
103100
101111111 (base 2) to base 6
1435
What is -102202010 (base 3) in base 10?
-8562
536 (base 13) to base 6
4042
3c4 (base 14) to base 9
1034
Convert -1020102 (base 4) to base 6.
-33230
What is -8ce7 (base 15) in base 14?
-ac8d
Convert 3423 (base 5) to base 9.
602
Convert -19e (base 16) to base 10.
-414
Convert -12322 (base 4) to base 7.
-1201
-111010101 (base 2) to base 9
-571
4eb2 (base 16) to base 13
9229
